= 48. Calculate the remainder when 118 is divided by m.
22
Let y = 211 + -153. What is the remainder when 223 is divided by y?
49
Suppose 0 = -902*w + 909*w - 5859. Calculate the remainder when w is divided by 120.
117
Suppose 0*m = 3*m - 54. Let y(a) = a - 6. Let b be y(6). Suppose -5*l + 20 = b, 4*z - l - 2*l - 8 = 0. Calculate the remainder when m is divided by z.
3
Let u = 86 + 44. Suppose -6*t = -20 - u. What is the remainder when t is divided by 7?
4
Suppose 24 = 6*m - 2*m. Suppose 0 = -m*c + 3*c + 75. What is the remainder when 124 is divided by c?
24
Suppose -s = 6*m - 7*m + 9, -5*s - 24 = -2*m. Calculate the remainder when 15 is divided by m.
1
Let t = 224 + -216. Let g(i) be the first derivative of 2*i**3 + i**2 + 3*i + 2. What is the remainder when g(-2) is divided by t?
7
Suppose 5*p + 3 - 18 = 0. Suppose -5*y + 1 = -3*q, 4*q - p*q - 3*y = -7. Calculate the remainder when 8 is divided by q.
0
Let f(a) = 3*a**3 + a**2. Let l be f(1). Let x(u) = -3*u**3 + 9*u + 1. Let p be x(-3). Suppose -l*k = k - p. What is the remainder when k is divided by 3?
2
Let b = 19077 + -19069. Suppose -2*t = -3*y + 111, 3*y + t - 5*t = 111. Calculate the remainder when y is divided by b.
5
Suppose l = 5*l - 28. What is the remainder when ((-1696)/(-64))/((-1)/(-2)) is divided by l?
4
Let y = 122 - 73. Suppose 10 = -5*m, -55*w + 2*m + 54 = -50*w. What is the remainder when y is divided by w?
9
Let q = -3 - -1. Let h be -12*q/12*2. Suppose -h*w + 51 = p + 2*p, 3*w + 17 = 2*p. What is the remainder when p is divided by 4?
1
Let h(g) = -2*g**2 + g + 4. Let j be h(0). Suppose 5*m - 6*k - 577 = -4*k, j*k + 452 = 4*m. What is the remainder when m is divided by 40?
37
Suppose -4*d - 482 + 1590 = 0. What is the remainder when d is divided by 31?
29
Let v = -30 + 24. Let a = -14 + 28. What is the remainder when (-498)/(-9) + v/18 is divided by a?
13
Let i be 2 - 2/(2 + 0). Let p = 4 - i. Suppose 10 = 4*v + 2. Calculate the remainder when p is divided by v.
1
Let k = -19 - -40. Suppose -5*y - 6 + k = 0. What is the remainder when (-6)/((-2)/2) + 3 is divided by y?
0
Suppose 7 = o - 12. Suppose 500 = -19*g + 23*g. Let s = -118 + g. What is the remainder when o is divided by s?
5
Let n(a) = -126*a + 19. Calculate the remainder when 579 is divided by n(-1).
144
Let n(r) = -10*r + 103. Let l(c) = -37*c + 1. Calculate the remainder when l(-1) is divided by n(9).
12
Suppose 1227*b - 12861 = 1218*b. What is the remainder when b is divided by 65?
64
Suppose 2*h + 0*h - 54 = -2*k, 0 = 3*k + 4*h - 82. Calculate the remainder when k is divided by 14.
12
Suppose -2*g - 5*h + 8 = 0, -54 = -5*g - 3*h - h. What is the remainder when 89 is divided by g?
5
Let h(o) = 4*o - 15. Let q be h(5). Suppose -9*w + q*w = -188. Calculate the remainder when w is divided by 17.
13
Let h be ((-11)/(-2))/((-3)/6). Let j = 17 + h. Calculate the remainder when j is divided by 3.
0
What is the remainder when (-4)/(6135/4098 - 36/24) is divided by 137?
133
What is the remainder when 758/8 + 451/44 + -11 is divided by -2 - 1 - 315/(-9)?
30
What is the remainder when 215 is divided by ((-2)/4)/((-27)/1998)?
30
Let n = 185 - 33. Suppose -2*d - n = -6*d. Calculate the remainder when d is divided by 1/((1/13)/1).
12
Suppose -3*d - 8 = -7*d. Suppose 126 = d*o + o. Suppose 88 = 5*x - o. Calculate the remainder when 102 is divided by x.
24
Let v(i) = 7*i - 79. What is the remainder when v(24) is divided by 30?
29
Let c(r) = -3*r - 6. Let p be c(-5). Suppose -337 = -p*m - 13. Calculate the remainder when 68 is divided by m.
32
Suppose 229*k = 269*k - 80. Let s(b) = -b**3 + 4*b. Let h be s(-3). Let c = 23 - h. What is the remainder when c is divided by k?
0
Suppose -6*v + 32 - 2 = 0. Suppose -v*t - 5*k + 130 = 0, 4*t - 7*k - 80 = -3*k. Suppose -6*s = -s - 60. Calculate the remainder when t is divided by s.
11
Let v = 36 - 27. Calculate the remainder when 2 + (-2 - -1) + 41 is divided by v.
6
Let h(b) = 3*b**2 + 8*b - 28. Calculate the remainder when 1055 is divided by h(3).
20
Let l be 1 + 5/(-15)*-15. Calculate the remainder when 247/65*(l + -1) is divided by 8.
3
Suppose 4*x + 79*w = 84*w + 104, -3*x + 2*w + 78 = 0. What is the remainder when 73 is divided by x?
21
What is the remainder when 91 is divided by (-7 + (-504)/(-40))*10 + -5?
40
Suppose 2*g + 318 = 3*y - 0*g, 0 = -3*y + 4*g + 318. Calculate the remainder when y is divided by (28/(-16))/(2/(-24)) + -3.
16
Suppose -5*r + 5*h = -35, -4*r + h + 10 = -9. What is the remainder when (-7*4)/(r/(-18)) is divided by 16?
14
Let g = 350 - 337. Let a = 34 - 25. Calculate the remainder when g is divided by a.
4
Suppose 3*q + 4*h - 38 = 3*h, 3*q = -2*h + 37. What is the remainder when q is divided by 1?
0
Let v = -9 + 26. Suppose 0 = -4*w - w + 50. Suppose 0 = -4*h + 2*z + 34, 3*z + w = 2*h - 17. What is the remainder when v is divided by h?
5
Suppose -3*g + 97 = -5*j, 28 = -g + 3*g + 4*j. Calculate the remainder when 1099 is divided by g.
19
Let d(f) = -41*f**3 + 3*f**2 + 4*f + 2. Let t(h) = -h**2 - 8*h - 1. Calculate the remainder when d(-1) is divided by t(-6).
9
Let u = 19 - 19. Suppose u*h + 1 = -h, 3*r - 4 = 4*h. Suppose r = -3*t + t + 18. What is the remainder when 35 is divided by t?
8
Let w = 109 + -89. Calculate the remainder when (1/(-3))/(1/(-174)) is divided by w.
18
Let b(f) = -f**3 + 32*f**2 - 59*f - 3. Let a(g) = -g**3 + 8*g**2 + 3*g + 8. What is the remainder when a(7) is divided by b(30)?
24
Suppose 15 - 119 = -2*t. Suppose -6*m + t + 44 = 0. What is the remainder when 10 is divided by (4/m)/((-1)/(-12))?
1
Suppose i + 44 = 5*i. Let u(j) = j**2 - 3*j + 3. Let t(q) = q. Let o(c) = 2*t(c) + u(c). Calculate the remainder when i is divided by o(0).
2
Let l(a) = -a**2 + 33*a - 107. What is the remainder when 150 is divided by l(4)?
6
Let p(w) = -37*w - 7. Let l be p(-2). Suppose 2*m + 0*d = d + l, 0 = 5*d - 5. Calculate the remainder when m is divided by 9.
7
Suppose -14 - 1 = -5*d. Let r(k) = 7*k**2 - k + k - 2*k**2 - 5 - k**d. Calculate the remainder when 43 is divided by r(4).
10
Suppose 0 = 5*h - 0*h + 4*x - 8, -2*h = x - 2. Suppose h = -4*d + 11 + 81. Let f = d - 13. What is the remainder when 17 is divided by f?
7
Let d be (0/(-3) + (-3)/(-3))*5. Suppose -q + 56 = d*a, 4*a + 0*q + q - 45 = 0. What is the remainder when a is divided by 7?
4
Let y = 1 + 56. Let z = y + -45. Calculate the remainder when 45 is divided by z.
9
Let c(z) = -2*z**2 + 18*z + 58. Calculate the remainder when c(9) is divided by 16.
10
Suppose -7*d - 46 = -375. Calculate the remainder when d is divided by 18.
11
Suppose -3*d + 8 = c, 50 = 5*c - 2*d + 7*d. Let g be (-8)/(8/(-4))*11 + -4. Let x = c + g. Calculate the remainder when x is divided by 18.
15
Let r(j) = j**3 - 4*j**2 + 4*j + 1. Let d be 6/4*(-92)/(-69). What is the remainder when r(d) is divided by 1?
0
Suppose 3*r - 2*g = -25, -2*r + 6*r + 4*g + 40 = 0. Calculate the remainder when 6 is divided by ((-21)/r - -3) + 2/(-6).
1
Let v(i) = -3*i**3 + i**2 + 4*i + 1. Let j be 2*(9/2 + 3). Let y = 5 + j. What is the remainder when v(-3) is divided by y?
19
Let v(p) = p**2 - 6*p - 2. Suppose 5*k - 26 = 9. Calculate the remainder when 19 is divided by v(k).
4
Let g = 924 + -921. What is the remainder when 20 is divided by g?
2
Let h be 1 + (-224)/21*(-6)/2. Let y = 79 - h. Calculate the remainder when y is divided by 13.
7
Let i(d) = -d**3 + 3*d**2 + 4*d + 52. What is the remainder when i(-7) is divided by 47?
44
Suppose 4*i = 7*c - 3*c + 144, -4*c - 108 = -3*i. What is the remainder when 68 is divided by i?
32
Suppose -2*u + t + 122 = 0, -2*t + 24 = 2*u - 92. Suppose -v - u = -2*p + v, -5*p = -3*v - 160. Calculate the remainder when p is divided by 9.
8
Suppose 0 = -3*i - 3*m + 186, i - 5*m + 0*m = 68. Calculate the remainder when 80 is divided by i.
17
Suppose 8 = -4*u + 44. Let i be ((-309)/u)/(1/(-3)). Suppose -119 = -4*b - 2*l - 1, i = 4*b - 3*l. What is the remainder when b is divided by 10?
8
Suppose -20 = -l - 5*f, -50 = 2*l - 5*l - 5*f. What is the remainder when 148 is divided by l?
13
What is the remainder when (4/(-10))/((-140)/107450) is divided by 44?
43
Let q be 10/4*(-12)/(-10). Suppose -3*v + 21 = -q. Let y = 3117 - 3088. Calculate the remainder when y is divided by v.
5
Suppose -33 - 45 = -3*x. Sup